der when 1316 is divided by 1302?
14
Calculate the remainder when 5213 is divided by 371.
19
What is the remainder when 161377 is divided by 92?
9
What is the remainder when 123231 is divided by 948?
939
Calculate the remainder when 16288 is divided by 31.
13
Calculate the remainder when 1968 is divided by 41.
0
What is the remainder when 3714 is divided by 3617?
97
Calculate the remainder when 41507 is divided by 361.
353
Calculate the remainder when 5374 is divided by 77.
61
Calculate the remainder when 14053 is divided by 1701.
445
Calculate the remainder when 30424 is divided by 189.
184
What is the remainder when 359201 is divided by 119730?
11
Calculate the remainder when 17762 is divided by 17761.
1
Calculate the remainder when 89529 is divided by 10.
9
Calculate the remainder when 1272 is divided by 1007.
265
What is the remainder when 2680 is divided by 145?
70
What is the remainder when 12553 is divided by 243?
160
Calculate the remainder when 530 is divided by 527.
3
Calculate the remainder when 1415 is divided by 58.
23
Calculate the remainder when 11330 is divided by 20.
10
What is the remainder when 2728 is divided by 172?
148
Calculate the remainder when 1317 is divided by 132.
129
What is the remainder when 47036 is divided by 285?
11
Calculate the remainder when 4389 is divided by 1368.
285
Calculate the remainder when 1024 is divided by 1015.
9
Calculate the remainder when 650 is divided by 163.
161
What is the remainder when 977 is divided by 624?
353
Calculate the remainder when 2433 is divided by 224.
193
What is the remainder when 3920 is divided by 1954?
12
What is the remainder when 152921 is divided by 3398?
11
What is the remainder when 1148 is divided by 91?
56
Calculate the remainder when 4796601 is divided by 641.
639
Calculate the remainder when 99660 is divided by 24914.
4
What is the remainder when 125089 is divided by 27?
25
What is the remainder when 13897 is divided by 231?
37
What is the remainder when 21245 is divided by 46?
39
What is the remainder when 87575 is divided by 82?
81
Calculate the remainder when 849 is divided by 181.
125
Calculate the remainder when 83156 is divided by 20783.
24
What is the remainder when 48832 is divided by 2314?
238
Calculate the remainder when 566531 is divided by 18.
17
Calculate the remainder when 1858 is divided by 1325.
533
Calculate the remainder when 14585 is divided by 14503.
82
Calculate the remainder when 1521 is divided by 654.
213
What is the remainder when 544 is divided by 510?
34
What is the remainder when 9280 is divided by 72?
64
What is the remainder when 4299 is divided by 159?
6
What is the remainder when 4240 is divided by 4140?
100
What is the remainder when 285459 is divided by 50?
9
Calculate the remainder when 10180 is divided by 785.
760
Calculate the remainder when 34437 is divided by 2863.
81
What is the remainder when 979 is divided by 50?
29
Calculate the remainder when 65944 is divided by 39.
34
Calculate the remainder when 14262 is divided by 1026.
924
What is the remainder when 350 is divided by 36?
26
Calculate the remainder when 50673 is divided by 575.
73
What is the remainder when 622411 is divided by 311188?
35
Calculate the remainder when 3056 is divided by 3029.
27
What is the remainder when 87206 is divided by 323?
319
What is the remainder when 5010 is divided by 452?
38
Calculate the remainder when 23738 is divided by 19.
7
Calculate the remainder when 407 is divided by 149.
109
What is the remainder when 93309 is divided by 7176?
21
Calculate the remainder when 9705 is divided by 461.
24
What is the remainder when 15337 is divided by 320?
297
What is the remainder when 4985 is divided by 346?
141
What is the remainder when 32072 is divided by 10655?
107
What is the remainder when 1296 is divided by 739?
557
What is the remainder when 4809 is divided by 51?
15
Calculate the remainder when 2730 is divided by 2378.
352
What is the remainder when 36262 is divided by 65?
57
Calculate the remainder when 1353 is divided by 225.
3
Calculate the remainder when 34269 is divided by 719.
476
Calculate the remainder when 38878 is divided by 267.
163
What is the remainder when 468 is divided by 154?
6
Calculate the remainder when 18910 is divided by 86.
76
Calculate the remainder when 8122 is divided by 1353.
4
Calculate the remainder when 33387 is divided by 10.
7
Calculate the remainder when 34539 is divided by 628.
627
What is the remainder when 5096 is divided by 232?
224
Calculate the remainder when 1121 is divided by 161.
155
Calculate the remainder when 2580 is divided by 292.
244
Calculate the remainder when 18132 is divided by 199.
23
What is the remainder when 1472 is divided by 86?
10
Calculate the remainder when 835 is divided by 646.
189
What is the remainder when 75077 is divided by 7?
2
Calculate the remainder when 193511 is divided by 485.
481
Calculate the remainder when 218496 is divided by 151.
150
What is the remainder when 3194 is divided by 1573?
48
What is the remainder when 1028 is divided by 844?
184
Calculate the remainder when 327237 is divided by 405.
402
Calculate the remainder when 2316 is divided by 581.
573
What is the remainder when 99038 is divided by 2251?
2245
What is the remainder when 7892 is divided by 3597?
698
Calculate the remainder when 22567 is divided by 644.
27
What is the remainder when 29996 is divided by 1659?
134
What is the remainder when 10935 is divided by 921?
804
Calculate the remainder when 345663 is divided by 19.
15
What is the remainder when 9803 is divided by 163?
23
What is the remainder when 395288 is divided by 14?
12
What is the remainder when 743657 is divided by 41?
40
Calculate the remainder when 946031 is divided by 536.
527
Calculate the remainder when 25680 is divided by 13.
5
What is the remainder when 283191 is divided by 83?
78
Calculate the remainder when 11150 is divided by 6.
2
Calculate the remainder when 18583 is divided by 1560.
1423
What is the remainder when 19147 is divided by 4702?
339
Calculate the remainder when 7681 is divided by 957.
25
What is the remainder when 499 is divided by 54?
13
Calculate the remainder when 11503 is divided by 11119.
384
What is the remainder when 15648 is divided by 41?
27
What is the remainder when 6576 is divided by 92?
44
Calculate the remainder when 5966 is divided by 1927.
185
What is the remainder when 165760 is divided by 7893?
7
What is the remainder when 72053 is divided by 274?
265
Calculate the remainder when 2745 is divided by 688.
681
Calculate the remainder when 28070 is divided by 29.
27
Calculate the remainder when 19390 is divided by 87.
76
What is the remainder when 5377 is divided by 336?
1
What is the remainder when 22448 is divided by 244?
0
Calculate the remainder when 26291 is divided by 313.
312
What is the remainder when 16489 is divided by 716?
21
What is the remainder when 1333048 is divided by 14?
10
What is the remainder when 557563 is divided by 557541?
22
What is the remainder when 11137 is divided by 116?
1
Calculate the remainder when 63322 is divided by 1348.
1314
Calculate the remainder when 13339 is divided by 574.
137
What is the remainder when 20702 is divided by 309?
308
What is the remainder when 5320 is divided by 82?
72
What is the remainder when 968 is divided by 231?
44
What is the remainder when 77631 is divided by 681?
678
Calculate the remainder when 25543 is divided by 6.
1
What is the remainder when 95673 is divided by 17?
14
Calculate the remainder when 536192 is divided by 1426.
16
Calculate the remainder when 4201 is divided by 379.
32
What is the remainder when 12762 is divided by 256?
218
What is the remainder when 4827 is divided by 23?
20
Calculate the remainder when 556301 is divided by 112.
109
Calculate the remainder when 33491 is divided by 3035.
106
Calculate the remainder when 1792 is divided by 54.
10
What is the remainder when 1620 is divided by 90?
0
Calculate the remainder when 1827211 is divided by 23.
22
Calculate the remainder when 2556 is divided by 117.
99
What is the remainder when 1759 is divided by 130?
69
Calculate the remainder when 7418 is divided by 57.
8
Calculate the remainder when 67294 is divided by 215.
214
Calculate the remainder when 2358 is di